{"id":315,"date":"2025-07-13T00:48:25","date_gmt":"2025-07-12T22:48:25","guid":{"rendered":"https:\/\/kongin.online\/?page_id=315"},"modified":"2026-03-28T04:47:42","modified_gmt":"2026-03-28T03:47:42","slug":"web-design-und-software-entwicklung","status":"publish","type":"page","link":"https:\/\/kongin.online\/?page_id=315","title":{"rendered":"Web, App &amp; Software Entwicklung \u2014 ma\u00dfgeschneidert, sicher, weltweit."},"content":{"rendered":"\n<figure class=\"wp-block-image size-large is-resized\"><img loading=\"lazy\" decoding=\"async\" width=\"1024\" height=\"768\" src=\"https:\/\/kongin.online\/wp-content\/uploads\/2025\/07\/web-1045994_1920-1024x768.jpg\" alt=\"\" class=\"wp-image-320\" style=\"object-fit:cover;width:1920px;height:300px\" srcset=\"https:\/\/kongin.online\/wp-content\/uploads\/2025\/07\/web-1045994_1920-1024x768.jpg 1024w, https:\/\/kongin.online\/wp-content\/uploads\/2025\/07\/web-1045994_1920-300x225.jpg 300w, https:\/\/kongin.online\/wp-content\/uploads\/2025\/07\/web-1045994_1920-768x576.jpg 768w, https:\/\/kongin.online\/wp-content\/uploads\/2025\/07\/web-1045994_1920-1536x1152.jpg 1536w, https:\/\/kongin.online\/wp-content\/uploads\/2025\/07\/web-1045994_1920.jpg 1920w\" sizes=\"auto, (max-width: 1024px) 100vw, 1024px\" \/><\/figure>\n\n\n\n<figure class=\"wp-block-image size-large is-resized\"><img loading=\"lazy\" decoding=\"async\" width=\"1024\" height=\"685\" src=\"https:\/\/kongin.online\/wp-content\/uploads\/2025\/07\/Apps-676726_1920-1024x685.jpg\" alt=\"\" class=\"wp-image-326\" style=\"object-fit:cover;width:1920px;height:300px\" srcset=\"https:\/\/kongin.online\/wp-content\/uploads\/2025\/07\/Apps-676726_1920-1024x685.jpg 1024w, https:\/\/kongin.online\/wp-content\/uploads\/2025\/07\/Apps-676726_1920-300x201.jpg 300w, https:\/\/kongin.online\/wp-content\/uploads\/2025\/07\/Apps-676726_1920-768x514.jpg 768w, https:\/\/kongin.online\/wp-content\/uploads\/2025\/07\/Apps-676726_1920-1536x1028.jpg 1536w, https:\/\/kongin.online\/wp-content\/uploads\/2025\/07\/Apps-676726_1920.jpg 1920w\" sizes=\"auto, (max-width: 1024px) 100vw, 1024px\" \/><\/figure>\n\n\n\n<p class=\"has-medium-font-size\"><strong>Von der einfachen Pr\u00e4sentationsseite bis zur komplexen Unternehmensanwendung \u2014 wir entwickeln digitale L\u00f6sungen nach Ihren Vorgaben. F\u00fcr Startups, Mittelstand, Konzerne und sicherheitskritische Organisationen weltweit.<\/strong><br><br><strong>Sicherheit auf Military-Grade Niveau:<\/strong><br>Modernste Verschl\u00fcsselungstechnologien auf Military-Grade Niveau sch\u00fctzen Ihre Daten und \u00dcbertragungen. Automatisierte Backups, sichere Serverarchitekturen und jahrzehntelange Erfahrung mit sicherheitsrelevanten Systemen \u2014 auch f\u00fcr sensibelste Anforderungen.<\/p>\n\n\n\n<h2 class=\"wp-block-heading has-medium-font-size\"><strong>So arbeiten wir mit Ihnen:<\/strong><\/h2>\n\n\n\n<p class=\"has-medium-font-size\"><strong>Leistungs-Liste:<\/strong><\/p>\n\n\n\n<ul class=\"wp-block-list\">\n<li class=\"has-medium-font-size\">Gemeinsame Designfindung nach Ihren Vorgaben und Anspr\u00fcchen<\/li>\n\n\n\n<li class=\"has-medium-font-size\">Laufende Einsicht in den aktuellen Entwicklungsstand<\/li>\n\n\n\n<li class=\"has-medium-font-size\">Agile Arbeitsweise \u2014 \u00c4nderungen und Erweiterungen jederzeit m\u00f6glich<\/li>\n\n\n\n<li class=\"has-medium-font-size\">Transparente und klare Kostenstruktur von Anfang an<\/li>\n<\/ul>\n\n\n\n<p class=\"has-medium-font-size\"><strong>Unsere Zielgruppen:<\/strong><\/p>\n\n\n\n<ul class=\"wp-block-list has-medium-font-size\">\n<li>Kleinstunternehmen und Startups<\/li>\n\n\n\n<li>Kleine und mittelst\u00e4ndische Unternehmen<\/li>\n\n\n\n<li>Enterprise-Unternehmen mit internationalen Anforderungen<\/li>\n\n\n\n<li>Beh\u00f6rden, Polizei, Rettungsdienste, Feuerwehren und Kommunalverwaltungen<\/li>\n<\/ul>\n\n\n\n<p class=\"has-medium-font-size\"><strong>Eigene Entwicklungen \u2014 bew\u00e4hrt im Einsatz:<\/strong><\/p>\n\n\n\n<ul class=\"wp-block-list has-medium-font-size\">\n<li>Routing, Navigation &amp; Tracking<\/li>\n\n\n\n<li>Aufgaben- und Ressourcenverwaltung (Personal, Werkzeuge, Fuhrpark)<\/li>\n\n\n\n<li>Schichtplan- und Urlaubsverwaltung<\/li>\n\n\n\n<li>Wartungsplanung und Ressourcentracking<\/li>\n\n\n\n<li>Logistikl\u00f6sungen<\/li>\n\n\n\n<li>Military-Grade Verschl\u00fcsselung<\/li>\n<\/ul>\n\n\n\n<p class=\"has-medium-font-size\">Interesse oder konkrete Anforderungen? Kontaktieren Sie uns \u00fcber unser <a href=\"https:\/\/kongin.online\/?page_id=531\">Kontaktformular<\/a>.<\/p>\n\n\n\n<div class=\"wp-block-buttons is-layout-flex wp-block-buttons-is-layout-flex\">\n<div class=\"wp-block-button has-custom-width wp-block-button__width-50\"><a class=\"wp-block-button__link has-medium-font-size has-custom-font-size wp-element-button\" href=\"https:\/\/kongin.online\/?page_id=531\">Kontakt-Formular<\/a><\/div>\n<\/div>\n\n\n\n<p><\/p>\n\n\n\n<p class=\"has-medium-font-size\">Interesse an einer Zusammenarbeit? <\/p>\n\n\n\n<div class=\"wp-block-buttons is-layout-flex wp-block-buttons-is-layout-flex\">\n<div class=\"wp-block-button is-style-fill\"><a class=\"wp-block-button__link has-white-color has-text-color has-link-color has-text-align-left wp-element-button\" href=\"https:\/\/kongin.online\/?page_id=357\"><strong>Fre<\/strong>Freelancer &amp; Partner Application<\/a><\/div>\n<\/div>\n\n\n\n<p class=\"has-medium-font-size\"><\/p>\n\n\n\n<p><\/p>\n","protected":false},"excerpt":{"rendered":"<p>Von der einfachen Pr\u00e4sentationsseite bis zur komplexen Unternehmensanwendung \u2014 wir entwickeln digitale L\u00f6sungen nach Ihren Vorgaben. F\u00fcr Startups, Mittelstand, Konzerne und sicherheitskritische Organisationen weltweit. Sicherheit&hellip;<\/p>\n","protected":false},"author":1,"featured_media":0,"parent":0,"menu_order":0,"comment_status":"closed","ping_status":"closed","template":"","meta":{"footnotes":""},"class_list":["post-315","page","type-page","status-publish","hentry"],"_links":{"self":[{"href":"https:\/\/kongin.online\/index.php?rest_route=\/wp\/v2\/pages\/315","targetHints":{"allow":["GET"]}}],"collection":[{"href":"https:\/\/kongin.online\/index.php?rest_route=\/wp\/v2\/pages"}],"about":[{"href":"https:\/\/kongin.online\/index.php?rest_route=\/wp\/v2\/types\/page"}],"author":[{"embeddable":true,"href":"https:\/\/kongin.online\/index.php?rest_route=\/wp\/v2\/users\/1"}],"replies":[{"embeddable":true,"href":"https:\/\/kongin.online\/index.php?rest_route=%2Fwp%2Fv2%2Fcomments&post=315"}],"version-history":[{"count":17,"href":"https:\/\/kongin.online\/index.php?rest_route=\/wp\/v2\/pages\/315\/revisions"}],"predecessor-version":[{"id":558,"href":"https:\/\/kongin.online\/index.php?rest_route=\/wp\/v2\/pages\/315\/revisions\/558"}],"wp:attachment":[{"href":"https:\/\/kongin.online\/index.php?rest_route=%2Fwp%2Fv2%2Fmedia&parent=315"}],"curies":[{"name":"wp","href":"https:\/\/api.w.org\/{rel}","templated":true}]}}